{"id":1834,"date":"2025-09-04T16:48:26","date_gmt":"2025-09-04T16:48:26","guid":{"rendered":"https:\/\/clinigama.pt\/index\/?page_id=1834"},"modified":"2025-10-17T07:54:48","modified_gmt":"2025-10-17T07:54:48","slug":"curso-de-massagem-infantil","status":"publish","type":"page","link":"https:\/\/clinigama.pt\/index\/curso-de-massagem-infantil\/","title":{"rendered":"Curso de Massagem Infantil"},"content":{"rendered":"\t\t<div data-elementor-type=\"wp-page\" data-elementor-id=\"1834\" class=\"elementor elementor-1834\" data-elementor-post-type=\"page\">\n\t\t\t\t<div class=\"elementor-element elementor-element-0e68545 e-flex e-con-boxed e-con e-parent\" data-id=\"0e68545\" data-element_type=\"container\" data-e-type=\"container\" data-settings=\"{&quot;background_background&quot;:&quot;classic&quot;}\">\n\t\t\t\t\t<div class=\"e-con-inner\">\n\t\t<div class=\"elementor-element elementor-element-ee399aa e-con-full e-flex e-con e-child\" data-id=\"ee399aa\" data-element_type=\"container\" data-e-type=\"container\" data-settings=\"{&quot;background_background&quot;:&quot;classic&quot;}\">\n\t\t<div class=\"elementor-element elementor-element-4cd3de0 e-con-full e-flex e-con e-child\" data-id=\"4cd3de0\" data-element_type=\"container\" data-e-type=\"container\">\n\t\t\t\t<div class=\"elementor-element elementor-element-0dd1435 elementor-widget elementor-widget-text-editor\" data-id=\"0dd1435\" data-element_type=\"widget\" data-e-type=\"widget\" data-widget_type=\"text-editor.default\">\n\t\t\t\t<div class=\"elementor-widget-container\">\n\t\t\t\t\t\t\t\t\t<p><a href=\"https:\/\/clinigama.pt\/index\/especialidades\/\"><strong>&lt; Voltar<\/strong><\/a><\/p>\t\t\t\t\t\t\t\t<\/div>\n\t\t\t\t<\/div>\n\t\t\t\t<div class=\"elementor-element elementor-element-8b60819 elementor-widget elementor-widget-text-editor\" data-id=\"8b60819\" data-element_type=\"widget\" data-e-type=\"widget\" data-widget_type=\"text-editor.default\">\n\t\t\t\t<div class=\"elementor-widget-container\">\n\t\t\t\t\t\t\t\t\t<p>Especialidades N\u00e3o M\u00e9dicas \/ Enfermagem \/ <strong>Curso de Massagem Infantil\u200b<br \/><\/strong><\/p>\t\t\t\t\t\t\t\t<\/div>\n\t\t\t\t<\/div>\n\t\t\t\t<\/div>\n\t\t<div class=\"elementor-element elementor-element-3c3c977 e-con-full e-flex e-con e-child\" data-id=\"3c3c977\" data-element_type=\"container\" data-e-type=\"container\">\n\t\t\t\t<div class=\"elementor-element elementor-element-3913a51 elementor-widget elementor-widget-heading\" data-id=\"3913a51\" data-element_type=\"widget\" data-e-type=\"widget\" data-widget_type=\"heading.default\">\n\t\t\t\t<div class=\"elementor-widget-container\">\n\t\t\t\t\t<h2 class=\"elementor-heading-title elementor-size-default\">Curso de Massagem Infantil<\/h2>\t\t\t\t<\/div>\n\t\t\t\t<\/div>\n\t\t\t\t<\/div>\n\t\t\t\t<\/div>\n\t\t\t\t\t<\/div>\n\t\t\t\t<\/div>\n\t\t<div class=\"elementor-element elementor-element-a1e180a e-flex e-con-boxed e-con e-parent\" data-id=\"a1e180a\" data-element_type=\"container\" data-e-type=\"container\" data-settings=\"{&quot;background_background&quot;:&quot;classic&quot;}\">\n\t\t\t\t\t<div class=\"e-con-inner\">\n\t\t<div class=\"elementor-element elementor-element-a64e8d3 e-con-full e-flex e-con e-child\" data-id=\"a64e8d3\" data-element_type=\"container\" data-e-type=\"container\">\n\t\t<div class=\"elementor-element elementor-element-beff597 e-con-full e-flex e-con e-child\" data-id=\"beff597\" data-element_type=\"container\" data-e-type=\"container\">\n\t\t\t\t<div class=\"elementor-element elementor-element-353cd0f elementor-widget elementor-widget-text-editor\" data-id=\"353cd0f\" data-element_type=\"widget\" data-e-type=\"widget\" data-widget_type=\"text-editor.default\">\n\t\t\t\t<div class=\"elementor-widget-container\">\n\t\t\t\t\t\t\t\t\t<p><strong>Benef\u00edcios da massagem para o beb\u00e9<\/strong><\/p>\t\t\t\t\t\t\t\t<\/div>\n\t\t\t\t<\/div>\n\t\t\t\t<div class=\"elementor-element elementor-element-3366645 elementor-widget elementor-widget-text-editor\" data-id=\"3366645\" data-element_type=\"widget\" data-e-type=\"widget\" data-widget_type=\"text-editor.default\">\n\t\t\t\t<div class=\"elementor-widget-container\">\n\t\t\t\t\t\t\t\t\t<ul><li>Promove a comunica\u00e7\u00e3o entre pais e beb\u00e9<\/li><li>Aumenta os n\u00edveis de relaxamento<\/li><li>Estimula o sistema imunit\u00e1rio<\/li><li>Estimula o desenvolvimento f\u00edsico e cognitivo<\/li><li>Alivia c\u00f3licas\/gases<\/li><\/ul>\t\t\t\t\t\t\t\t<\/div>\n\t\t\t\t<\/div>\n\t\t\t\t<\/div>\n\t\t\t\t<div class=\"elementor-element elementor-element-a3f943e elementor-widget elementor-widget-image\" data-id=\"a3f943e\" data-element_type=\"widget\" data-e-type=\"widget\" data-widget_type=\"image.default\">\n\t\t\t\t<div class=\"elementor-widget-container\">\n\t\t\t\t\t\t\t\t\t\t\t\t\t\t\t<img decoding=\"async\" src=\"https:\/\/clinigama.pt\/index\/wp-content\/uploads\/elementor\/thumbs\/curso-de-massagem-para-bebes2_-rbr0kuzpxu0vr9p56h7ehxa4uo9az6v1wz32izw6u8.jpg\" title=\"curso-de-massagem-para-bebes2_\" alt=\"curso-de-massagem-para-bebes2_\" loading=\"lazy\" \/>\t\t\t\t\t\t\t\t\t\t\t\t\t\t\t<\/div>\n\t\t\t\t<\/div>\n\t\t\t\t<\/div>\n\t\t\t\t\t<\/div>\n\t\t\t\t<\/div>\n\t\t<div class=\"elementor-element elementor-element-63ed6ab e-flex e-con-boxed e-con e-parent\" data-id=\"63ed6ab\" data-element_type=\"container\" data-e-type=\"container\" data-settings=\"{&quot;background_background&quot;:&quot;classic&quot;}\">\n\t\t\t\t\t<div class=\"e-con-inner\">\n\t\t\t\t<div class=\"elementor-element elementor-element-b61d07c elementor-widget elementor-widget-text-editor\" data-id=\"b61d07c\" data-element_type=\"widget\" data-e-type=\"widget\" data-widget_type=\"text-editor.default\">\n\t\t\t\t<div class=\"elementor-widget-container\">\n\t\t\t\t\t\t\t\t\t<p><strong>Mais que massajar, neste curso aprende-se a:<\/strong><\/p>\t\t\t\t\t\t\t\t<\/div>\n\t\t\t\t<\/div>\n\t\t\t\t\t<\/div>\n\t\t\t\t<\/div>\n\t\t<div class=\"elementor-element elementor-element-8cc5468 e-flex e-con-boxed e-con e-parent\" data-id=\"8cc5468\" data-element_type=\"container\" data-e-type=\"container\" data-settings=\"{&quot;background_background&quot;:&quot;classic&quot;}\">\n\t\t\t\t\t<div class=\"e-con-inner\">\n\t\t<div class=\"elementor-element elementor-element-cb19744 e-con-full e-flex e-con e-child\" data-id=\"cb19744\" data-element_type=\"container\" data-e-type=\"container\">\n\t\t\t\t<div class=\"elementor-element elementor-element-d6ddb8b elementor-widget elementor-widget-image\" data-id=\"d6ddb8b\" data-element_type=\"widget\" data-e-type=\"widget\" data-widget_type=\"image.default\">\n\t\t\t\t<div class=\"elementor-widget-container\">\n\t\t\t\t\t\t\t\t\t\t\t\t\t\t\t<img decoding=\"async\" src=\"https:\/\/clinigama.pt\/index\/wp-content\/uploads\/elementor\/thumbs\/curso-de-massagem-para-bebes_-rbr23l5deve5f4khggg0i63knazsd1ndj8a462ujd4.jpg\" title=\"curso-de-massagem-para-bebes_\" alt=\"curso-de-massagem-para-bebes_\" loading=\"lazy\" \/>\t\t\t\t\t\t\t\t\t\t\t\t\t\t\t<\/div>\n\t\t\t\t<\/div>\n\t\t<div class=\"elementor-element elementor-element-65739a4 e-con-full e-flex e-con e-child\" data-id=\"65739a4\" data-element_type=\"container\" data-e-type=\"container\">\n\t\t\t\t<div class=\"elementor-element elementor-element-c120b7d elementor-widget elementor-widget-text-editor\" data-id=\"c120b7d\" data-element_type=\"widget\" data-e-type=\"widget\" data-widget_type=\"text-editor.default\">\n\t\t\t\t<div class=\"elementor-widget-container\">\n\t\t\t\t\t\t\t\t\t<ul><li>Tocar nutritivamente o beb\u00e9<\/li><li>Conhec\u00ea-lo melhor<\/li><li>Fornecer-lhe confian\u00e7a<\/li><li>Saber receber e dar amor<\/li><\/ul>\t\t\t\t\t\t\t\t<\/div>\n\t\t\t\t<\/div>\n\t\t\t\t<\/div>\n\t\t\t\t<\/div>\n\t\t\t\t\t<\/div>\n\t\t\t\t<\/div>\n\t\t<div class=\"elementor-element elementor-element-57ed93f e-flex e-con-boxed e-con e-parent\" data-id=\"57ed93f\" data-element_type=\"container\" data-e-type=\"container\" data-settings=\"{&quot;background_background&quot;:&quot;classic&quot;}\">\n\t\t\t\t\t<div class=\"e-con-inner\">\n\t\t<div class=\"elementor-element elementor-element-43c6067 e-con-full e-flex e-con e-child\" data-id=\"43c6067\" data-element_type=\"container\" data-e-type=\"container\">\n\t\t<div class=\"elementor-element elementor-element-2802325 e-con-full e-flex e-con e-child\" data-id=\"2802325\" data-element_type=\"container\" data-e-type=\"container\">\n\t\t\t\t<div class=\"elementor-element elementor-element-5f27857 elementor-widget elementor-widget-text-editor\" data-id=\"5f27857\" data-element_type=\"widget\" data-e-type=\"widget\" data-widget_type=\"text-editor.default\">\n\t\t\t\t<div class=\"elementor-widget-container\">\n\t\t\t\t\t\t\t\t\t<p>Informa\u00e7\u00f5es Gerais:<\/p>\t\t\t\t\t\t\t\t<\/div>\n\t\t\t\t<\/div>\n\t\t\t\t<div class=\"elementor-element elementor-element-0ee864c elementor-widget elementor-widget-text-editor\" data-id=\"0ee864c\" data-element_type=\"widget\" data-e-type=\"widget\" data-widget_type=\"text-editor.default\">\n\t\t\t\t<div class=\"elementor-widget-container\">\n\t\t\t\t\t\t\t\t\t<p><strong>Investimento: 150,00\u20ac<\/strong><\/p>\t\t\t\t\t\t\t\t<\/div>\n\t\t\t\t<\/div>\n\t\t\t\t<div class=\"elementor-element elementor-element-03207b4 elementor-widget elementor-widget-text-editor\" data-id=\"03207b4\" data-element_type=\"widget\" data-e-type=\"widget\" data-widget_type=\"text-editor.default\">\n\t\t\t\t<div class=\"elementor-widget-container\">\n\t\t\t\t\t\t\t\t\t<p>5 sess\u00f5es | 1 por semana<br \/>com dura\u00e7\u00e3o entre 45min\/1h<\/p>\t\t\t\t\t\t\t\t<\/div>\n\t\t\t\t<\/div>\n\t\t\t\t<div class=\"elementor-element elementor-element-35de5b2 elementor-widget elementor-widget-text-editor\" data-id=\"35de5b2\" data-element_type=\"widget\" data-e-type=\"widget\" data-widget_type=\"text-editor.default\">\n\t\t\t\t<div class=\"elementor-widget-container\">\n\t\t\t\t\t\t\t\t\t<p>Dedicado apenas a beb\u00e9s at\u00e9 12 <br \/>meses de idade.<\/p>\t\t\t\t\t\t\t\t<\/div>\n\t\t\t\t<\/div>\n\t\t\t\t<\/div>\n\t\t<div class=\"elementor-element elementor-element-c973726 e-con-full e-flex e-con e-child\" data-id=\"c973726\" data-element_type=\"container\" data-e-type=\"container\">\n\t\t\t\t<div class=\"elementor-element elementor-element-b0d7b4a elementor-widget elementor-widget-text-editor\" data-id=\"b0d7b4a\" data-element_type=\"widget\" data-e-type=\"widget\" data-widget_type=\"text-editor.default\">\n\t\t\t\t<div class=\"elementor-widget-container\">\n\t\t\t\t\t\t\t\t\t<p>Oferecemos <span style=\"color: #bd7e30;\">material de apoio e 1 frasco com \u00f3leo para a massagem.<\/span><\/p>\t\t\t\t\t\t\t\t<\/div>\n\t\t\t\t<\/div>\n\t\t\t\t<div class=\"elementor-element elementor-element-4d3d432 elementor-widget elementor-widget-text-editor\" data-id=\"4d3d432\" data-element_type=\"widget\" data-e-type=\"widget\" data-widget_type=\"text-editor.default\">\n\t\t\t\t<div class=\"elementor-widget-container\">\n\t\t\t\t\t\t\t\t\t<p>Material necess\u00e1rio a trazer em todas as sess\u00f5es: <span style=\"color: #bd7e30;\">manta do beb\u00e9, roupa confort\u00e1vel para os pais.<\/span><\/p>\t\t\t\t\t\t\t\t<\/div>\n\t\t\t\t<\/div>\n\t\t\t\t<div class=\"elementor-element elementor-element-afb2315 elementor-widget elementor-widget-text-editor\" data-id=\"afb2315\" data-element_type=\"widget\" data-e-type=\"widget\" data-widget_type=\"text-editor.default\">\n\t\t\t\t<div class=\"elementor-widget-container\">\n\t\t\t\t\t\t\t\t\t<p>\u00c9 <span style=\"color: #bd7e30;\">obrigat\u00f3rio a presen\u00e7a do beb\u00e9<\/span>\u00a0e de, pelomenos, a <span style=\"color: #bd7e30;\">m\u00e3e ou pai em todas as sess\u00f5es.<\/span><\/p>\t\t\t\t\t\t\t\t<\/div>\n\t\t\t\t<\/div>\n\t\t\t\t<div class=\"elementor-element elementor-element-e1b85f6 elementor-widget elementor-widget-text-editor\" data-id=\"e1b85f6\" data-element_type=\"widget\" data-e-type=\"widget\" data-widget_type=\"text-editor.default\">\n\t\t\t\t<div class=\"elementor-widget-container\">\n\t\t\t\t\t\t\t\t\t<p><strong>Podem estar presentes at\u00e9 2 pessoas por beb\u00e9.<\/strong><\/p>\t\t\t\t\t\t\t\t<\/div>\n\t\t\t\t<\/div>\n\t\t\t\t<\/div>\n\t\t\t\t<\/div>\n\t\t\t\t<div class=\"elementor-element elementor-element-7dc6523 elementor-widget elementor-widget-button\" data-id=\"7dc6523\" data-element_type=\"widget\" data-e-type=\"widget\" data-widget_type=\"button.default\">\n\t\t\t\t<div class=\"elementor-widget-container\">\n\t\t\t\t\t\t\t\t\t<div class=\"elementor-button-wrapper\">\n\t\t\t\t\t<a class=\"elementor-button elementor-button-link elementor-size-sm\" href=\"https:\/\/wa.me\/962706430?text=Ol\u00e1,%20desejo%20inscrever-me%20no%20Curso%20de%20Massagem%20Infantil\">\n\t\t\t\t\t\t<span class=\"elementor-button-content-wrapper\">\n\t\t\t\t\t\t\t\t\t<span class=\"elementor-button-text\">Inscri\u00e7\u00f5es<\/span>\n\t\t\t\t\t<\/span>\n\t\t\t\t\t<\/a>\n\t\t\t\t<\/div>\n\t\t\t\t\t\t\t\t<\/div>\n\t\t\t\t<\/div>\n\t\t\t\t<div class=\"elementor-element elementor-element-faf55b0 elementor-widget-divider--view-line elementor-widget elementor-widget-divider\" data-id=\"faf55b0\" data-element_type=\"widget\" data-e-type=\"widget\" data-widget_type=\"divider.default\">\n\t\t\t\t<div class=\"elementor-widget-container\">\n\t\t\t\t\t\t\t<div class=\"elementor-divider\">\n\t\t\t<span class=\"elementor-divider-separator\">\n\t\t\t\t\t\t<\/span>\n\t\t<\/div>\n\t\t\t\t\t\t<\/div>\n\t\t\t\t<\/div>\n\t\t\t\t<div class=\"elementor-element elementor-element-4527e59 elementor-widget elementor-widget-heading\" data-id=\"4527e59\" data-element_type=\"widget\" data-e-type=\"widget\" data-widget_type=\"heading.default\">\n\t\t\t\t<div class=\"elementor-widget-container\">\n\t\t\t\t\t<h2 class=\"elementor-heading-title elementor-size-default\">Formadora<\/h2>\t\t\t\t<\/div>\n\t\t\t\t<\/div>\n\t\t\t\t<div class=\"elementor-element elementor-element-f4e7abe elementor-widget elementor-widget-heading\" data-id=\"f4e7abe\" data-element_type=\"widget\" data-e-type=\"widget\" data-widget_type=\"heading.default\">\n\t\t\t\t<div class=\"elementor-widget-container\">\n\t\t\t\t\t<h2 class=\"elementor-heading-title elementor-size-default\">Vanessa Silva<\/h2>\t\t\t\t<\/div>\n\t\t\t\t<\/div>\n\t\t\t\t<div class=\"elementor-element elementor-element-f030a20 elementor-widget elementor-widget-text-editor\" data-id=\"f030a20\" data-element_type=\"widget\" data-e-type=\"widget\" data-widget_type=\"text-editor.default\">\n\t\t\t\t<div class=\"elementor-widget-container\">\n\t\t\t\t\t\t\t\t\t<ul><li>Mestre em Enfermagem de Sa\u00fade Materna e Obstetr\u00edcia<\/li><li>Com uma vasta forma\u00e7\u00e3o que inclui certifica\u00e7\u00f5es de Massagem Infantil, Sa\u00fade Materna e Obstetr\u00edcia<\/li><\/ul>\t\t\t\t\t\t\t\t<\/div>\n\t\t\t\t<\/div>\n\t\t<div class=\"elementor-element elementor-element-15abda2 e-con-full e-flex e-con e-child\" data-id=\"15abda2\" data-element_type=\"container\" data-e-type=\"container\">\n\t\t\t\t<div class=\"elementor-element elementor-element-b5f5763 elementor-widget elementor-widget-image\" data-id=\"b5f5763\" data-element_type=\"widget\" data-e-type=\"widget\" data-widget_type=\"image.default\">\n\t\t\t\t<div class=\"elementor-widget-container\">\n\t\t\t\t\t\t\t\t\t\t\t\t\t\t\t<img decoding=\"async\" src=\"https:\/\/clinigama.pt\/index\/wp-content\/uploads\/elementor\/thumbs\/formadora-curso-de-massagem-para-bebes-rbr567rjrwwbpb8nt2o4l6fn49ise5qtgqdqnax9cw.jpg\" title=\"formadora curso de massagem para bebes\" alt=\"formadora curso de massagem para bebes\" loading=\"lazy\" \/>\t\t\t\t\t\t\t\t\t\t\t\t\t\t\t<\/div>\n\t\t\t\t<\/div>\n\t\t<div class=\"elementor-element elementor-element-97e5266 e-con-full e-flex e-con e-child\" data-id=\"97e5266\" data-element_type=\"container\" data-e-type=\"container\">\n\t\t\t\t<div class=\"elementor-element elementor-element-f7293ae elementor-widget elementor-widget-heading\" data-id=\"f7293ae\" data-element_type=\"widget\" data-e-type=\"widget\" data-widget_type=\"heading.default\">\n\t\t\t\t<div class=\"elementor-widget-container\">\n\t\t\t\t\t<h2 class=\"elementor-heading-title elementor-size-default\">Especialista em:<\/h2>\t\t\t\t<\/div>\n\t\t\t\t<\/div>\n\t\t\t\t<div class=\"elementor-element elementor-element-0d45c65 elementor-widget elementor-widget-text-editor\" data-id=\"0d45c65\" data-element_type=\"widget\" data-e-type=\"widget\" data-widget_type=\"text-editor.default\">\n\t\t\t\t<div class=\"elementor-widget-container\">\n\t\t\t\t\t\t\t\t\t<ul><li>Enfermagem de Sa\u00fade Materna e Obstetr\u00edcia<\/li><li>Sa\u00fade Materna Obstetr\u00edcia e Ginecologia<\/li><li>Suporte Avan\u00e7ado de Vida<\/li><\/ul>\t\t\t\t\t\t\t\t<\/div>\n\t\t\t\t<\/div>\n\t\t\t\t<\/div>\n\t\t\t\t<\/div>\n\t\t\t\t\t<\/div>\n\t\t\t\t<\/div>\n\t\t\t\t<\/div>\n\t\t","protected":false},"excerpt":{"rendered":"<p>&lt; Voltar Especialidades N\u00e3o M\u00e9dicas \/ Enfermagem \/ Curso de Massagem Infantil\u200b Curso de Massagem Infantil Benef\u00edcios da massagem para o beb\u00e9 Promove a comunica\u00e7\u00e3o entre pais e beb\u00e9 Aumenta os n\u00edveis de relaxamento Estimula o sistema imunit\u00e1rio Estimula o desenvolvimento f\u00edsico e cognitivo Alivia c\u00f3licas\/gases Mais que massajar, neste curso aprende-se a: Tocar nutritivamente [&hellip;]<\/p>\n","protected":false},"author":1,"featured_media":0,"parent":0,"menu_order":0,"comment_status":"closed","ping_status":"closed","template":"elementor_header_footer","meta":{"footnotes":""},"class_list":["post-1834","page","type-page","status-publish","hentry"],"_links":{"self":[{"href":"https:\/\/clinigama.pt\/index\/wp-json\/wp\/v2\/pages\/1834","targetHints":{"allow":["GET"]}}],"collection":[{"href":"https:\/\/clinigama.pt\/index\/wp-json\/wp\/v2\/pages"}],"about":[{"href":"https:\/\/clinigama.pt\/index\/wp-json\/wp\/v2\/types\/page"}],"author":[{"embeddable":true,"href":"https:\/\/clinigama.pt\/index\/wp-json\/wp\/v2\/users\/1"}],"replies":[{"embeddable":true,"href":"https:\/\/clinigama.pt\/index\/wp-json\/wp\/v2\/comments?post=1834"}],"version-history":[{"count":44,"href":"https:\/\/clinigama.pt\/index\/wp-json\/wp\/v2\/pages\/1834\/revisions"}],"predecessor-version":[{"id":3930,"href":"https:\/\/clinigama.pt\/index\/wp-json\/wp\/v2\/pages\/1834\/revisions\/3930"}],"wp:attachment":[{"href":"https:\/\/clinigama.pt\/index\/wp-json\/wp\/v2\/media?parent=1834"}],"curies":[{"name":"wp","href":"https:\/\/api.w.org\/{rel}","templated":true}]}}