{"id":550,"date":"2025-08-25T18:54:25","date_gmt":"2025-08-25T18:54:25","guid":{"rendered":"https:\/\/clinigama.pt\/index\/?page_id=550"},"modified":"2025-10-17T07:54:32","modified_gmt":"2025-10-17T07:54:32","slug":"cursos-e-formacoes","status":"publish","type":"page","link":"https:\/\/clinigama.pt\/index\/cursos-e-formacoes\/","title":{"rendered":"Fisiogama &#8211; Cursos e forma\u00e7\u00f5es_"},"content":{"rendered":"\t\t<div data-elementor-type=\"wp-page\" data-elementor-id=\"550\" class=\"elementor elementor-550\" data-elementor-post-type=\"page\">\n\t\t\t\t<div class=\"elementor-element elementor-element-398879a e-flex e-con-boxed e-con e-parent\" data-id=\"398879a\" data-element_type=\"container\" data-e-type=\"container\" data-settings=\"{&quot;background_background&quot;:&quot;classic&quot;}\">\n\t\t\t\t\t<div class=\"e-con-inner\">\n\t\t<div class=\"elementor-element elementor-element-2514086 e-con-full e-flex e-con e-child\" data-id=\"2514086\" data-element_type=\"container\" data-e-type=\"container\" data-settings=\"{&quot;background_background&quot;:&quot;classic&quot;}\">\n\t\t<div class=\"elementor-element elementor-element-ae75229 e-con-full e-flex e-con e-child\" data-id=\"ae75229\" data-element_type=\"container\" data-e-type=\"container\">\n\t\t\t\t<div class=\"elementor-element elementor-element-cbac9e7 elementor-widget elementor-widget-heading\" data-id=\"cbac9e7\" data-element_type=\"widget\" data-e-type=\"widget\" data-widget_type=\"heading.default\">\n\t\t\t\t<div class=\"elementor-widget-container\">\n\t\t\t\t\t<h2 class=\"elementor-heading-title elementor-size-default\">Cursos e forma\u00e7\u00f5es<\/h2>\t\t\t\t<\/div>\n\t\t\t\t<\/div>\n\t\t\t\t<\/div>\n\t\t\t\t<\/div>\n\t\t\t\t\t<\/div>\n\t\t\t\t<\/div>\n\t\t<div class=\"elementor-element elementor-element-347e87a e-flex e-con-boxed e-con e-parent\" data-id=\"347e87a\" data-element_type=\"container\" data-e-type=\"container\" data-settings=\"{&quot;background_background&quot;:&quot;classic&quot;}\">\n\t\t\t\t\t<div class=\"e-con-inner\">\n\t\t\t\t<div class=\"elementor-element elementor-element-8ba6dd7 elementor-widget elementor-widget-text-editor\" data-id=\"8ba6dd7\" data-element_type=\"widget\" data-e-type=\"widget\" data-widget_type=\"text-editor.default\">\n\t\t\t\t<div class=\"elementor-widget-container\">\n\t\t\t\t\t\t\t\t\t<p>Cursos e Forma\u00e7\u00f5es\u200b Clinigama: <span style=\"color: #bd7e30;\">Aprender, cuidar e evoluir<\/span><\/p>\t\t\t\t\t\t\t\t<\/div>\n\t\t\t\t<\/div>\n\t\t\t\t<div class=\"elementor-element elementor-element-0f74df1 elementor-widget elementor-widget-text-editor\" data-id=\"0f74df1\" data-element_type=\"widget\" data-e-type=\"widget\" data-widget_type=\"text-editor.default\">\n\t\t\t\t<div class=\"elementor-widget-container\">\n\t\t\t\t\t\t\t\t\t<p>Na Clinigama, acreditamos que o conhecimento transforma vidas. Por isso, desenvolvemos <strong>workshops, cursos e forma\u00e7\u00f5es especializadas para profissionais de sa\u00fade e para o p\u00fablico em geral<\/strong>, com foco na educa\u00e7\u00e3o para a sa\u00fade, bem-estar e desenvolvimento pessoal.<\/p><p><span style=\"color: var( --e-global-color-text ); text-align: var(--text-align); background-color: var( --e-global-color-d656a43 );\">As nossas forma\u00e7\u00f5es combinam rigor cient\u00edfico, pr\u00e1tica aplicada e uma abordagem humanizada, promovendo uma\u00a0<\/span><span style=\"color: var( --e-global-color-text ); text-align: var(--text-align); background-color: var( --e-global-color-d656a43 );\">aprendizagem acess\u00edvel, envolvente e com impacto real no dia a dia.<\/span><\/p><p><span style=\"color: var( --e-global-color-text ); text-align: var(--text-align); background-color: var( --e-global-color-d656a43 );\">Desde temas como nutri\u00e7\u00e3o funcional, sa\u00fade da mulher, parentalidade, longevidade, terapias integrativas e muito mais, os\u00a0<\/span><span style=\"color: var( --e-global-color-text ); text-align: var(--text-align); background-color: var( --e-global-color-d656a43 );\">nossos conte\u00fados s\u00e3o desenhados por especialistas da Clinigama, adaptados a diferentes n\u00edveis de conhecimento.<\/span><\/p><p><strong><span style=\"background-color: var( --e-global-color-d656a43 ); color: var( --e-global-color-text ); text-align: var(--text-align);\">Capacite-se, atualize-se e cuide melhor de si e dos outros. Na Clinigama, o conhecimento tamb\u00e9m \u00e9 uma forma de\u00a0<\/span><span style=\"color: var( --e-global-color-text ); text-align: var(--text-align); background-color: var( --e-global-color-d656a43 );\">cuidar.<\/span><\/strong><\/p>\t\t\t\t\t\t\t\t<\/div>\n\t\t\t\t<\/div>\n\t\t\t\t<div class=\"elementor-element elementor-element-ed44832 elementor-widget-divider--view-line elementor-widget elementor-widget-divider\" data-id=\"ed44832\" data-element_type=\"widget\" data-e-type=\"widget\" data-widget_type=\"divider.default\">\n\t\t\t\t<div class=\"elementor-widget-container\">\n\t\t\t\t\t\t\t<div class=\"elementor-divider\">\n\t\t\t<span class=\"elementor-divider-separator\">\n\t\t\t\t\t\t<\/span>\n\t\t<\/div>\n\t\t\t\t\t\t<\/div>\n\t\t\t\t<\/div>\n\t\t<div class=\"elementor-element elementor-element-fe42975 e-con-full e-flex e-con e-child\" data-id=\"fe42975\" data-element_type=\"container\" data-e-type=\"container\">\n\t\t\t\t<div class=\"elementor-element elementor-element-b5e1b0d elementor-widget elementor-widget-image\" data-id=\"b5e1b0d\" data-element_type=\"widget\" data-e-type=\"widget\" data-widget_type=\"image.default\">\n\t\t\t\t<div class=\"elementor-widget-container\">\n\t\t\t\t\t\t\t\t\t\t\t\t\t\t\t<img decoding=\"async\" src=\"https:\/\/clinigama.pt\/index\/wp-content\/uploads\/elementor\/thumbs\/Bebe-rb6dh8yoavjbci9rn9pa0nlmdo0vt2cdc68dkkvg5u.jpg\" title=\"Bebe\" alt=\"Bebe\" loading=\"lazy\" \/>\t\t\t\t\t\t\t\t\t\t\t\t\t\t\t<\/div>\n\t\t\t\t<\/div>\n\t\t<div class=\"elementor-element elementor-element-7001347 e-con-full e-flex e-con e-child\" data-id=\"7001347\" data-element_type=\"container\" data-e-type=\"container\">\n\t\t\t\t<div class=\"elementor-element elementor-element-91f682a elementor-widget elementor-widget-heading\" data-id=\"91f682a\" data-element_type=\"widget\" data-e-type=\"widget\" data-widget_type=\"heading.default\">\n\t\t\t\t<div class=\"elementor-widget-container\">\n\t\t\t\t\t<h2 class=\"elementor-heading-title elementor-size-default\">Curso de Massagem infantil<\/h2>\t\t\t\t<\/div>\n\t\t\t\t<\/div>\n\t\t<div class=\"elementor-element elementor-element-c1fa4f2 e-con-full e-flex e-con e-child\" data-id=\"c1fa4f2\" data-element_type=\"container\" data-e-type=\"container\">\n\t\t\t\t<div class=\"elementor-element elementor-element-a67c848 elementor-widget elementor-widget-button\" data-id=\"a67c848\" data-element_type=\"widget\" data-e-type=\"widget\" data-widget_type=\"button.default\">\n\t\t\t\t<div class=\"elementor-widget-container\">\n\t\t\t\t\t\t\t\t\t<div class=\"elementor-button-wrapper\">\n\t\t\t\t\t<a class=\"elementor-button elementor-button-link elementor-size-sm\" href=\"https:\/\/clinigama.pt\/index\/curso-de-massagem-infantil\/\">\n\t\t\t\t\t\t<span class=\"elementor-button-content-wrapper\">\n\t\t\t\t\t\t\t\t\t<span class=\"elementor-button-text\">Saber mais<\/span>\n\t\t\t\t\t<\/span>\n\t\t\t\t\t<\/a>\n\t\t\t\t<\/div>\n\t\t\t\t\t\t\t\t<\/div>\n\t\t\t\t<\/div>\n\t\t\t\t<div class=\"elementor-element elementor-element-e7424e3 elementor-widget elementor-widget-button\" data-id=\"e7424e3\" data-element_type=\"widget\" data-e-type=\"widget\" data-widget_type=\"button.default\">\n\t\t\t\t<div class=\"elementor-widget-container\">\n\t\t\t\t\t\t\t\t\t<div class=\"elementor-button-wrapper\">\n\t\t\t\t\t<a class=\"elementor-button elementor-button-link elementor-size-sm\" href=\"https:\/\/wa.me\/962706430?text=Ol\u00e1,%20desejo%20inscrever-me%20no%20Curso%20de%20Massagem%20Infantil\">\n\t\t\t\t\t\t<span class=\"elementor-button-content-wrapper\">\n\t\t\t\t\t\t\t\t\t<span class=\"elementor-button-text\">Inscri\u00e7\u00f5es<\/span>\n\t\t\t\t\t<\/span>\n\t\t\t\t\t<\/a>\n\t\t\t\t<\/div>\n\t\t\t\t\t\t\t\t<\/div>\n\t\t\t\t<\/div>\n\t\t\t\t<\/div>\n\t\t\t\t<\/div>\n\t\t\t\t<\/div>\n\t\t\t\t\t<\/div>\n\t\t\t\t<\/div>\n\t\t\t\t<\/div>\n\t\t","protected":false},"excerpt":{"rendered":"<p>Cursos e forma\u00e7\u00f5es Cursos e Forma\u00e7\u00f5es\u200b Clinigama: Aprender, cuidar e evoluir Na Clinigama, acreditamos que o conhecimento transforma vidas. Por isso, desenvolvemos workshops, cursos e forma\u00e7\u00f5es especializadas para profissionais de sa\u00fade e para o p\u00fablico em geral, com foco na educa\u00e7\u00e3o para a sa\u00fade, bem-estar e desenvolvimento pessoal. As nossas forma\u00e7\u00f5es combinam rigor cient\u00edfico, pr\u00e1tica [&hellip;]<\/p>\n","protected":false},"author":1,"featured_media":0,"parent":0,"menu_order":0,"comment_status":"closed","ping_status":"closed","template":"elementor_header_footer","meta":{"footnotes":""},"class_list":["post-550","page","type-page","status-publish","hentry"],"_links":{"self":[{"href":"https:\/\/clinigama.pt\/index\/wp-json\/wp\/v2\/pages\/550","targetHints":{"allow":["GET"]}}],"collection":[{"href":"https:\/\/clinigama.pt\/index\/wp-json\/wp\/v2\/pages"}],"about":[{"href":"https:\/\/clinigama.pt\/index\/wp-json\/wp\/v2\/types\/page"}],"author":[{"embeddable":true,"href":"https:\/\/clinigama.pt\/index\/wp-json\/wp\/v2\/users\/1"}],"replies":[{"embeddable":true,"href":"https:\/\/clinigama.pt\/index\/wp-json\/wp\/v2\/comments?post=550"}],"version-history":[{"count":36,"href":"https:\/\/clinigama.pt\/index\/wp-json\/wp\/v2\/pages\/550\/revisions"}],"predecessor-version":[{"id":3927,"href":"https:\/\/clinigama.pt\/index\/wp-json\/wp\/v2\/pages\/550\/revisions\/3927"}],"wp:attachment":[{"href":"https:\/\/clinigama.pt\/index\/wp-json\/wp\/v2\/media?parent=550"}],"curies":[{"name":"wp","href":"https:\/\/api.w.org\/{rel}","templated":true}]}}